What is the ten millions digit of 76135142?
7
What is the units digit of 3162121666?
6
What is the hundred thousands digit of 108073550?
0
What is the hundreds digit of 785025987?
9
What is the ten millions digit of 326167286?
2
What is the hundred thousands digit of 1945252357?
2
What is the millions digit of 73381947?
3
What is the ten thousands digit of 590825299?
2
What is the ten thousands digit of 502140131?
4
What is the millions digit of 216289322?
6
What is the thousands digit of 12383093?
3
What is the hundreds digit of 787554794?
7
What is the tens digit of 2349958000?
0
What is the millions digit of 84400338?
4
What is the ten millions digit of 3508837890?
0
What is the thousands digit of 1327190593?
0
What is the thousands digit of 1353372734?
2
What is the hundreds digit of 148226293?
2
What is the millions digit of 2163932571?
3
What is the millions digit of 61207211?
1
What is the hundreds digit of 550208899?
8
What is the hundreds digit of 1062251524?
5
What is the ten millions digit of 2835785455?
3
What is the millions digit of 2563006855?
3
What is the units digit of 1887535497?
7
What is the ten thousands digit of 26073262?
7
What is the thousands digit of 1208998219?
8
What is the hundred thousands digit of 102029777?
0
What is the ten millions digit of 525522827?
2
What is the tens digit of 37076504?
0
What is the thousands digit of 2009753244?
3
What is the billions digit of 1397080143?
1
What is the tens digit of 126951618?
1
What is the tens digit of 92966729?
2
What is the thousands digit of 489474519?
4
What is the tens digit of 928330790?
9
What is the hundred thousands digit of 793369608?
3
What is the hundred millions digit of 1502830302?
5
What is the units digit of 19718828?
8
What is the ten thousands digit of 3333307740?
0
What is the tens digit of 24908226?
2
What is the hundred thousands digit of 3507161195?
1
What is the hundreds digit of 57420165?
1
What is the billions digit of 1770353913?
1
What is the millions digit of 3011770?
3
What is the ten millions digit of 81141509?
8
What is the hundred millions digit of 320807076?
3
What is the tens digit of 314442332?
3
What is the ten millions digit of 116294117?
1
What is the hundred thousands digit of 30426765?
4
What is the thousands digit of 171187844?
7
What is the hundreds digit of 355010658?
6
What is the hundred thousands digit of 632816344?
8
What is the ten millions digit of 616370268?
1
What is the millions digit of 311086131?
1
What is the thousands digit of 161786552?
6
What is the thousands digit of 116101016?
1
What is the hundreds digit of 28817937?
9
What is the ten thousands digit of 4313304630?
0
What is the units digit of 1157020420?
0
What is the ten thousands digit of 29461550?
6
What is the tens digit of 23099056?
5
What is the hundred millions digit of 1087647616?
0
What is the millions digit of 4961564?
4
What is the units digit of 11322490?
0
What is the ten thousands digit of 2572858630?
5
What is the ten millions digit of 80426858?
8
What is the tens digit of 418470155?
5
What is the tens digit of 323055081?
8
What is the tens digit of 1262423225?
2
What is the ten thousands digit of 191992250?
9
What is the millions digit of 408832246?
8
What is the units digit of 753986084?
4
What is the thousands digit of 223070376?
0
What is the ten thousands digit of 1997919457?
1
What is the hundred millions digit of 324576233?
3
What is the hundred millions digit of 108090897?
1
What is the billions digit of 3680712229?
3
What is the ten thousands digit of 820323864?
2
What is the thousands digit of 31354924?
4
What is the millions digit of 25748120?
5
What is the ten thousands digit of 28959581?
5
What is the hundred thousands digit of 4823515933?
5
What is the thousands digit of 120369935?
9
What is the thousands digit of 13207518?
7
What is the thousands digit of 1531160972?
0
What is the hundred millions digit of 1237533440?
2
What is the thousands digit of 779266226?
6
What is the hundred millions digit of 813562153?
8
What is the hundred thousands digit of 5901761532?
7
What is the millions digit of 846899172?
6
What is the tens digit of 1877142998?
9
What is the hundred thousands digit of 187050211?
0
What is the ten thousands digit of 2773941632?
4
What is the ten millions digit of 813250533?
1
What is the tens digit of 50574883?
8
What is the hundred millions digit of 207905378?
2
What is the tens digit of 75170914?
1
What is the ten millions digit of 180934061?
8
What is the hundreds digit of 20209833?
8
What is the hundred thousands digit of 111395001?
3
What is the millions digit of 38643744?
8
What is the hundred millions digit of 213248943?
2
What is the ten millions digit of 49014193?
4
What is the billions digit of 2021532680?
2
What is the billions digit of 2358701786?
2
What is the millions digit of 343648860?
3
What is the hundred thousands digit of 351146662?
1
What is the units digit of 117836215?
5
What is the tens digit of 20708818?
1
What is the hundreds digit of 1401518929?
9
What is the tens digit of 2922153416?
1
What is the millions digit of 513592565?
3
What is the ten millions digit of 17921454?
1
What is the billions digit of 3014097769?
3
What is the hundreds digit of 172946733?
7
What is the thousands digit of 181404827?
4
What is the hundreds digit of 325739385?
3
What is the billions digit of 3158743933?
3
What is the hundreds digit of 1574849631?
6
What is the ten thousands digit of 726027091?
2
What is the billions digit of 4583590490?
4
What is the hundred millions digit of 6132722654?
1
What is the millions digit of 12668085?
2
What is the millions digit of 37084886?
7
What is the thousands digit of 286902292?
2
What is the ten thousands digit of 2790822086?
2
What is the units digit of 416995226?
6
What is the hundred thousands digit of 159994676?
9
What is the millions digit of 1313278741?
3
What is the hundred thousands digit of 28320817?
3
What is the thousands digit of 66830047?
0
What is the thousands digit of 82263?
2
What is the tens digit of 51785677?
7
What is the hundreds digit of 179616270?
2
What is the hundreds digit of 28693187?
1
What is the thousands digit of 3766953320?
3
What is the thousands digit of 139887624?
7
What is the ten thousands digit of 98725170?
2
What is the millions digit of 275914521?
5
What is the ten millions digit of 942654565?
4
What is the hundred thousands digit of 9051877?
0
What is the thousands digit of 2852547?
2
What is the tens digit of 141384423?
2
What is the millions digit of 112641500?
2
What is the ten thousands digit of 2746574055?
7
What is the ten thousands digit of 732145510?
4
What is the tens digit of 7661200?
0
What is the ten thousands digit of 518432112?
3
What is the tens digit of 176994643?
4
What is the tens digit of 321128931?
3
What is the hundreds digit of 86008113?
1
What is the tens digit of 58740052?
5
What is the units digit of 3780258862?
2
What is the ten thousands digit of 2113662720?
6
What is the hundred millions digit of 174399453?
1
What is the hundreds digit of 128500262?
2
What is the millions digit of 196961117?
6
What is the units digit of 122053425?
5
What is the units digit of 25726345?
5
What is the units digit of 304687013?
3
What is the millions digit of 1257990111?
7
What is the hundred thousands digit of 18823819?
8
What is the millions digit of 62683466?
2
What is the hundred thousands digit of 992242848?
2
What is the tens digit of 516554959?
5
What is the millions digit of 799540453?
9
What is the ten thousands digit of 4818699243?
9
What is the hundred millions digit of 297111193?
2
What is the hundred thousands digit of 2948288439?
2
What is the tens digit of 32929864?
6
What is the thousands digit of 55679361?
9
What is the millions digit of 180356647?
0
What is the hundred millions digit of 909549329?
9
What is the thousands digit of 565997336?
7
What is the units digit of 4831680?
0
What is the hundred millions digit of 5381874453?
3
What is the units digit of 27676949?
9
What is the thousands digit of 651337?
1
What is the tens digit of 597266848?
4
What is the ten thousands digit of 440305419?
0
What is the tens digit of 1050265381?
8
What is the hundreds digit of 100666211?
2
What is the thousands d